0787 prime?
True
Is 18250002491 composite?
True
Is 5207594527 a composite number?
True
Is 1734873845 composite?
True
Is 88327672841 composite?
False
Is 59561824571 composite?
False
Is 28500796123 prime?
False
Is 989501479 a composite number?
True
Is 213307067 composite?
False
Is 314654453 prime?
False
Is 8033057399 prime?
False
Is 5739638699 a prime number?
True
Is 27933756743 a prime number?
True
Is 14591342503 composite?
False
Is 1434609643 composite?
False
Is 100091393173 a composite number?
False
Is 16509397469 a prime number?
False
Is 663010987 a prime number?
True
Is 1736203699 prime?
True
Is 36066618803 composite?
True
Is 1657923977 prime?
True
Is 8204172881 composite?
False
Is 868078661 a composite number?
True
Is 37033273757 prime?
True
Is 11719725107 composite?
True
Is 2662540073 a composite number?
False
Is 136420772259 prime?
False
Is 474805729 composite?
False
Is 5780790047 prime?
True
Is 1336589653 a composite number?
True
Is 140802967 prime?
True
Is 6665475581 prime?
True
Is 108626301523 composite?
True
Is 1272566939 prime?
False
Is 102383257 a prime number?
True
Is 6102775469 composite?
True
Is 9821627223 prime?
False
Is 26477942111 a prime number?
True
Is 7245710699 a composite number?
True
Is 1856275513 a composite number?
True
Is 390640693 composite?
False
Is 357671179 a prime number?
False
Is 1009164227 prime?
False
Is 4551073393 a composite number?
False
Is 10061673683 prime?
False
Is 694474973 a prime number?
False
Is 8520367013 composite?
True
Is 1373481849 a composite number?
True
Is 6408977161 prime?
True
Is 3604033241 prime?
True
Is 5562179807 a prime number?
False
Is 1168939922 a prime number?
False
Is 95487287 a composite number?
True
Is 95548105 a prime number?
False
Is 4266713267 a prime number?
True
Is 715485473 prime?
False
Is 1257351679 a composite number?
False
Is 10730488063 a prime number?
True
Is 5093765609 a prime number?
True
Is 7434230266 prime?
False
Is 44555208911 prime?
False
Is 20680813915 prime?
False
Is 2395873313 prime?
True
Is 1756203973 composite?
False
Is 13560667 composite?
True
Is 2357290751 a composite number?
False
Is 23105216593 composite?
True
Is 52420310759 a composite number?
False
Is 3977828879 prime?
False
Is 14587897409 composite?
False
Is 14158742987 a prime number?
True
Is 63623359277 prime?
True
Is 4132389259 a prime number?
True
Is 1255306771 a composite number?
False
Is 42735948943 composite?
False
Is 588227683 a prime number?
True
Is 7992611777 composite?
True
Is 1092323621 a composite number?
False
Is 144776941223 composite?
True
Is 5979295871 prime?
True
Is 400196807 a composite number?
False
Is 1579193047 prime?
True
Is 274171346693 composite?
False
Is 9625488287 prime?
False
Is 19380130037 a composite number?
True
Is 15206248531 composite?
False
Is 2890534307 prime?
True
Is 15965820203 a prime number?
False
Is 167963712458 prime?
False
Is 3393756847 a prime number?
False
Is 1338004511 a composite number?
True
Is 124734799 a prime number?
False
Is 2885251007 a composite number?
False
Is 63912118771 composite?
False
Is 2773381823 prime?
True
Is 620123389 a prime number?
True
Is 123963967 prime?
True
Is 11374659355 a prime number?
False
Is 4133403041 a composite number?
False
Is 1232567911 a composite number?
True
Is 489567539 a prime number?
False
Is 23153191967 a composite number?
False
Is 922141501 a composite number?
False
Is 2158353707 a prime number?
False
Is 802060741 a prime number?
False
Is 11230196209 a composite number?
True
Is 3962728355 a prime number?
False
Is 9479948129 a prime number?
True
Is 144220273 composite?
False
Is 5403665209 composite?
False
Is 22787519927 composite?
False
Is 1535063297 composite?
True
Is 682326019 composite?
False
Is 898308493 a composite number?
True
Is 31825983431 a prime number?
False
Is 326599747 composite?
True
Is 2327920445 a composite number?
True
Is 4344654077 a prime number?
False
Is 85741674617 prime?
True
Is 5927280139 prime?
False
Is 10928802455 prime?
False
Is 1414208402 a prime number?
False
Is 510116167 composite?
True
Is 103643924843 a composite number?
True
Is 6191348959 composite?
False
Is 172818827659 prime?
True
Is 13166971603 a composite number?
False
Is 8042407891 a prime number?
False
Is 2007282505 a composite number?
True
Is 29939810311 a prime number?
False
Is 4030862443 prime?
True
Is 9179676419 composite?
False
Is 6434618579 prime?
True
Is 134085839 prime?
True
Is 211528372199 a composite number?
True
Is 4481836993 prime?
True
Is 96630673 composite?
True
Is 4224353963 a prime number?
False
Is 40029410191 prime?
True
Is 205166903 prime?
True
Is 20971710777 a composite number?
True
Is 893913749 a prime number?
True
Is 60757140091 a composite number?
True
Is 916681319 a prime number?
False
Is 14759215421 composite?
False
Is 152526234197 a prime number?
True
Is 1348441931 a composite number?
True
Is 5213511157 prime?
True
Is 1732320101 prime?
True
Is 4478175503 composite?
True
Is 173211360541 a prime number?
True
Is 51853915123 a prime number?
True
Is 409865639 composite?
False
Is 19248237849 prime?
False
Is 100373215 a composite number?
True
Is 25201363 prime?
False
Is 991346127 a prime number?
False
Is 3489561047 composite?
True
Is 48964367927 composite?
True
Is 187076807 a prime number?
True
Is 133054823353 a composite number?
True
Is 5030674343 a composite number?
True
Is 484607257 prime?
True
Is 15456736643 a composite number?
True
Is 721064107 a prime number?
True
Is 393069581 composite?
False
Is 2138659501 a composite number?
True
Is 175087423 a prime number?
False
Is 86020949431 composite?
True
Is 1724726537 a composite number?
False
Is 227971115 prime?
False
Is 93586085717 prime?
False
Is 33385871471 composite?
False
Is 63791838337 a prime number?
False
Is 1383373447 a prime number?
True
Is 5227098509 a prime number?
True
Is 63823686361 a prime number?
True
Is 96487307 prime?
False
Is 8386217893 a prime number?
True
Is 2446810283 a composite number?
False
Is 4443057301 prime?
True
Is 7349578063 prime?
True
Is 16060388083 a composite number?
False
Is 4279902203 a prime number?
False
Is 11733425201 a composite number?
True
Is 89963261 composite?
False
Is 42075472367 prime?
True
Is 8538517489 a composite number?
True
Is 221646857 a prime number?
False
Is 484280089 prime?
False
Is 2364804919 prime?
True
Is 170367688219 a prime number?
True
Is 60014147 a composite number?
False
Is 64833982979 a prime number?
True
Is 3281688581 a prime number?
False
Is 10995669401 composite?
True
Is 142199381777 composite?
False
Is 322243379 composite?
False
Is 27064027 composite?
True
Is 24147980557 composite?
True
Is 20027484833 a prime number?
True
Is 207193333 composite?
False
Is 3259207753 a prime number?
False
Is 117463661 prime?
False
Is 19612650209 composite?
False
Is 344728207 a prime number?
True
Is 8320625077 composite?
True
Is 19881417 a prime number?
False
Is 42333456761 composite?
True
Is 50084358089 prime?
False
Is 2400280901 a prime number?
False
Is 21493403 prime?
False
Is 5661842573 a prime number?
False
Is 3831182503 prime?
True
Is 200478379 composite?
True
Is 61797205147 prime?
True
Is 525262577 composite?
True
Is 8015931811 a prime number?
True
Is 30542921243 a composite number?
False
Is 2318315401 composite?
True
Is 66247839043 prime?
False
Is 1685677597 a prime number?
False
Is 99053416021 a prime number?
False
Is 83320230869 prime?
True
Is 6685311209 a composite number?
True
Is 33424495649 a composite number?
False
Is 9520132051 a composite number?
False
Is 4252515691 composite?
False
Is 36317576881 a composite number?
False
Is 16571760943 a prime number?
True
Is 101332471 composite?
False
Is 1026680443 prime?
False
Is 20934187159 a composite number?
False
Is 260991249 composite?
True
Is 234008909 a composite number?
False
Is 2963759059 a prime number?
True
Is 151018501 composite?
True
Is 81048887 composite?
True
Is 168551906249 prime?
False
Is 28659356543 a prime number?
True
Is 14387055833 a composite number?
False
Is 5208198883 composite?
False
Is 8585448379 a composite number?
True
Is 3313604111 a composite number?
False
Is 59809837 prime?
True
Is 45813790419 a composite number?
True
Is 961422169 a prime number?
False
Is 603354727 prime?
True
Is 1362667583 composite?
False
Is 36131874353 compos